{"id":73,"date":"2023-09-21T18:36:39","date_gmt":"2023-09-21T15:36:39","guid":{"rendered":"https:\/\/www.ongsbrasil.com.br\/blog\/?page_id=73"},"modified":"2023-10-23T22:02:18","modified_gmt":"2023-10-23T19:02:18","slug":"home","status":"publish","type":"page","link":"https:\/\/ongsbrasil.com.br\/blog\/home\/","title":{"rendered":"Voluntariado e Projetos Sociais"},"content":{"rendered":"<article data-id=\"321\">\n            <a href=\"https:\/\/www.ongsbrasil.com.br\/blog\/tipos-de-trabalho-voluntario\/\"><\/a><br \/>\n                <img width=\"300\" height=\"169\" src=\"https:\/\/www.ongsbrasil.com.br\/blog\/wp-content\/uploads\/2023\/10\/tipos-de-trabalho-voluntario.jpg\" alt=\"Tipos de trabalho volunt\u00e1rio\" decoding=\"async\" loading=\"lazy\" \/><\/p>\n<header>\n<h2><a\n                        href=\"https:\/\/www.ongsbrasil.com.br\/blog\/tipos-de-trabalho-voluntario\/\"\n                        title=\"Tipos de Trabalho Volunt\u00e1rio\">Tipos de Trabalho Volunt\u00e1rio<\/a><\/h2>\n<\/header>\n<p>Veja neste post os tipos de trabalho volunt\u00e1rio, para ajud\u00e1-lo a encontrar o voluntariado que mais se adapta aos seus interesses.<\/p>\n<p><a\n                            href=\"https:\/\/www.ongsbrasil.com.br\/blog\/tipos-de-trabalho-voluntario\/\"\n                           >Ler mais &gt;<\/a><br \/>\n    <\/article>\n<article data-id=\"300\">\n            <a href=\"https:\/\/www.ongsbrasil.com.br\/blog\/trabalho-voluntario-com-criancas-atividades-educativas\/\"><\/a><br \/>\n                <img width=\"300\" height=\"169\" src=\"https:\/\/www.ongsbrasil.com.br\/blog\/wp-content\/uploads\/2023\/10\/trabalho-voluntario-com-criancas-atividades-educacionais.jpg\" alt=\"Trabalho volunt\u00e1rio com crian\u00e7as - atividades educativas\" decoding=\"async\" loading=\"lazy\" \/><\/p>\n<header>\n<h2><a\n                        href=\"https:\/\/www.ongsbrasil.com.br\/blog\/trabalho-voluntario-com-criancas-atividades-educativas\/\"\n                        title=\"Trabalho Volunt\u00e1rio com Crian\u00e7as: atividades educativas\">Trabalho Volunt\u00e1rio com Crian\u00e7as: atividades educativas<\/a><\/h2>\n<\/header>\n<p>Neste post mostramos 9 atividades que podem ser realizadas nos trabalhos volunt\u00e1rios com crian\u00e7as carentes, voltadas para a educa\u00e7\u00e3o das crian\u00e7as.<\/p>\n<p><a\n                            href=\"https:\/\/www.ongsbrasil.com.br\/blog\/trabalho-voluntario-com-criancas-atividades-educativas\/\"\n                           >Ler mais &gt;<\/a><br \/>\n    <\/article>\n<article data-id=\"279\">\n            <a href=\"https:\/\/www.ongsbrasil.com.br\/blog\/trabalho-voluntario-como-e-onde-fazer\/\"><\/a><br \/>\n                <img width=\"300\" height=\"169\" src=\"https:\/\/www.ongsbrasil.com.br\/blog\/wp-content\/uploads\/2023\/10\/trabalho-voluntario-onde-fazer.jpg\" alt=\"Trabalho volunt\u00e1rio onde fazer\" decoding=\"async\" loading=\"lazy\" \/><\/p>\n<header>\n<h2><a\n                        href=\"https:\/\/www.ongsbrasil.com.br\/blog\/trabalho-voluntario-como-e-onde-fazer\/\"\n                        title=\"Trabalho Volunt\u00e1rio: como e onde fazer\">Trabalho Volunt\u00e1rio: como e onde fazer<\/a><\/h2>\n<\/header>\n<p>Neste post, exploraremos o que \u00e9 trabalho volunt\u00e1rio, por que \u00e9 necess\u00e1rio no Brasil, os benef\u00edcios que oferece, como encontrar oportunidades de voluntariado e at\u00e9 mesmo como se envolver em&#8230;<\/p>\n<p><a\n                            href=\"https:\/\/www.ongsbrasil.com.br\/blog\/trabalho-voluntario-como-e-onde-fazer\/\"\n                           >Ler mais &gt;<\/a><br \/>\n    <\/article>\n<article data-id=\"265\">\n            <a href=\"https:\/\/www.ongsbrasil.com.br\/blog\/projeto-social-pronto-exemplo-completo\/\"><\/a><br \/>\n                <img width=\"300\" height=\"169\" src=\"https:\/\/www.ongsbrasil.com.br\/blog\/wp-content\/uploads\/2023\/10\/projeto-social-pronto.jpg\" alt=\"Projeto social pronto exemplo completo\" decoding=\"async\" loading=\"lazy\" \/><\/p>\n<header>\n<h2><a\n                        href=\"https:\/\/www.ongsbrasil.com.br\/blog\/projeto-social-pronto-exemplo-completo\/\"\n                        title=\"Projeto Social Pronto &#8211; Exemplo Completo\">Projeto Social Pronto &#8211; Exemplo Completo<\/a><\/h2>\n<\/header>\n<p>Veja aqui um projeto social pronto, que voc\u00ea poder\u00e1 utilizar como exemplo para se inspirar, criando seu projeto social bem estruturado.<\/p>\n<p><a\n                            href=\"https:\/\/www.ongsbrasil.com.br\/blog\/projeto-social-pronto-exemplo-completo\/\"\n                           >Ler mais &gt;<\/a><br \/>\n    <\/article>\n<article data-id=\"250\">\n            <a href=\"https:\/\/www.ongsbrasil.com.br\/blog\/modelo-de-projeto-social-com-exemplo\/\"><\/a><br \/>\n                <img width=\"300\" height=\"169\" src=\"https:\/\/www.ongsbrasil.com.br\/blog\/wp-content\/uploads\/2023\/10\/modelo-de-projeto-social.jpg\" alt=\"Modelo de Projeto Social\" decoding=\"async\" loading=\"lazy\" \/><\/p>\n<header>\n<h2><a\n                        href=\"https:\/\/www.ongsbrasil.com.br\/blog\/modelo-de-projeto-social-com-exemplo\/\"\n                        title=\"Modelo de Projeto Social &#8211; com Exemplo\">Modelo de Projeto Social &#8211; com Exemplo<\/a><\/h2>\n<\/header>\n<p>Veja aqui as se\u00e7\u00f5es que devem estar presentes em um modelo de projeto social, com um exemplo de plano completo para um projeto social fict\u00edcio.<\/p>\n<p><a\n                            href=\"https:\/\/www.ongsbrasil.com.br\/blog\/modelo-de-projeto-social-com-exemplo\/\"\n                           >Ler mais &gt;<\/a><br \/>\n    <\/article>\n<article data-id=\"225\">\n            <a href=\"https:\/\/www.ongsbrasil.com.br\/blog\/exemplos-de-projetos-sociais\/\"><\/a><br \/>\n                <img width=\"300\" height=\"169\" src=\"https:\/\/www.ongsbrasil.com.br\/blog\/wp-content\/uploads\/2023\/10\/exemplos-de-projetos-sociais.jpg\" alt=\"Exemplos de Projetos Sociais\" decoding=\"async\" loading=\"lazy\" \/><\/p>\n<header>\n<h2><a\n                        href=\"https:\/\/www.ongsbrasil.com.br\/blog\/exemplos-de-projetos-sociais\/\"\n                        title=\"Exemplos de Projetos Sociais\">Exemplos de Projetos Sociais<\/a><\/h2>\n<\/header>\n<p>Listamos aqui diversos exemplos projetos sociais realizados por ONGs j\u00e1 constitu\u00eddas, que podem inspirar seu pr\u00f3ximo projeto!<\/p>\n<p><a\n                            href=\"https:\/\/www.ongsbrasil.com.br\/blog\/exemplos-de-projetos-sociais\/\"\n                           >Ler mais &gt;<\/a><br \/>\n    <\/article>\n<article data-id=\"205\">\n            <a href=\"https:\/\/www.ongsbrasil.com.br\/blog\/ideias-de-projetos-sociais\/\"><\/a><br \/>\n                <img width=\"300\" height=\"169\" src=\"https:\/\/www.ongsbrasil.com.br\/blog\/wp-content\/uploads\/2023\/10\/ideias-de-projetos-sociais-1.jpg\" alt=\"Ideias de Projetos Sociais\" decoding=\"async\" loading=\"lazy\" \/><\/p>\n<header>\n<h2><a\n                        href=\"https:\/\/www.ongsbrasil.com.br\/blog\/ideias-de-projetos-sociais\/\"\n                        title=\"Ideias de Projetos Sociais\">Ideias de Projetos Sociais<\/a><\/h2>\n<\/header>\n<p>Neste post, exploraremos diversas ideias de projetos sociais que podem inspirar indiv\u00edduos, grupos e organiza\u00e7\u00f5es a dar o pr\u00f3ximo passo em dire\u00e7\u00e3o \u00e0 mudan\u00e7a social.<\/p>\n<p><a\n                            href=\"https:\/\/www.ongsbrasil.com.br\/blog\/ideias-de-projetos-sociais\/\"\n                           >Ler mais &gt;<\/a><br \/>\n    <\/article>\n<article data-id=\"196\">\n            <a href=\"https:\/\/www.ongsbrasil.com.br\/blog\/como-montar-um-projeto-social\/\"><\/a><br \/>\n                <img width=\"300\" height=\"169\" src=\"https:\/\/www.ongsbrasil.com.br\/blog\/wp-content\/uploads\/2023\/10\/como-montar-um-projeto-social.png\" alt=\"Como montar um projeto social\" decoding=\"async\" loading=\"lazy\" \/><\/p>\n<header>\n<h2><a\n                        href=\"https:\/\/www.ongsbrasil.com.br\/blog\/como-montar-um-projeto-social\/\"\n                        title=\"Como Montar um Projeto Social\">Como Montar um Projeto Social<\/a><\/h2>\n<\/header>\n<p>Criar um projeto social \u00e9 uma tarefa nobre que pode ter um impacto significativo na vida das pessoas e na comunidade. Veja a seguir os passos b\u00e1sicos para montar um&#8230;<\/p>\n<p><a\n                            href=\"https:\/\/www.ongsbrasil.com.br\/blog\/como-montar-um-projeto-social\/\"\n                           >Ler mais &gt;<\/a><br \/>\n    <\/article>\n<p>                <button id=\"eael-load-more-btn-ebd0503\" data-widget-id=\"ebd0503\" data-widget=\"ebd0503\" data-page-id=\"73\" data-template=\"{&quot;dir&quot;:&quot;lite&quot;,&quot;file_name&quot;:&quot;default.php&quot;,&quot;name&quot;:&quot;Post-Grid&quot;}\" data-class=\"Essential_Addons_ElementorElementsPost_Grid\" data-layout=\"grid\" data-page=\"1\" data-args=\"orderby=date&amp;order=desc&amp;ignore_sticky_posts=1&amp;post_status=publish&amp;posts_per_page=8&amp;offset=0&amp;post_type=post\" data-max-page=\"2\"><br \/>\n                    Carregar mais<br \/>\n                <\/button><\/p>\n","protected":false},"excerpt":{"rendered":"<p>Tipos de Trabalho Volunt\u00e1rio Veja neste post os tipos de trabalho volunt\u00e1rio, para ajud\u00e1-lo a encontrar o voluntariado que mais se adapta aos seus interesses. Ler mais &gt; Trabalho Volunt\u00e1rio com Crian\u00e7as: atividades educativas Neste post mostramos 9 atividades que podem ser realizadas nos trabalhos volunt\u00e1rios com crian\u00e7as carentes, voltadas para a educa\u00e7\u00e3o das crian\u00e7as. &#8230; <a title=\"Voluntariado e Projetos Sociais\" class=\"read-more\" href=\"https:\/\/ongsbrasil.com.br\/blog\/home\/\" aria-label=\"Read more about Voluntariado e Projetos Sociais\">Read more<\/a><\/p>\n","protected":false},"author":1,"featured_media":0,"parent":0,"menu_order":0,"comment_status":"closed","ping_status":"closed","template":"elementor_theme","meta":{"footnotes":""},"class_list":["post-73","page","type-page","status-publish"],"_links":{"self":[{"href":"https:\/\/ongsbrasil.com.br\/blog\/wp-json\/wp\/v2\/pages\/73","targetHints":{"allow":["GET"]}}],"collection":[{"href":"https:\/\/ongsbrasil.com.br\/blog\/wp-json\/wp\/v2\/pages"}],"about":[{"href":"https:\/\/ongsbrasil.com.br\/blog\/wp-json\/wp\/v2\/types\/page"}],"author":[{"embeddable":true,"href":"https:\/\/ongsbrasil.com.br\/blog\/wp-json\/wp\/v2\/users\/1"}],"replies":[{"embeddable":true,"href":"https:\/\/ongsbrasil.com.br\/blog\/wp-json\/wp\/v2\/comments?post=73"}],"version-history":[{"count":19,"href":"https:\/\/ongsbrasil.com.br\/blog\/wp-json\/wp\/v2\/pages\/73\/revisions"}],"predecessor-version":[{"id":331,"href":"https:\/\/ongsbrasil.com.br\/blog\/wp-json\/wp\/v2\/pages\/73\/revisions\/331"}],"wp:attachment":[{"href":"https:\/\/ongsbrasil.com.br\/blog\/wp-json\/wp\/v2\/media?parent=73"}],"curies":[{"name":"wp","href":"https:\/\/api.w.org\/{rel}","templated":true}]}}